 Let k = 211 - 202. What is the remainder when t is divided by k?
6
Let m be 2/9 + 16/9. Let k be ((-6)/(-5))/(m/5). Suppose 0 = u + 2 - 1, -2*s = k*u - 33. Calculate the remainder when s is divided by 7.
4
Suppose 0*r = 4*r - 112. Suppose 16 - 46 = -3*c. Calculate the remainder when r is divided by c.
8
Let k = -1 - -5. Suppose -y + 0*b + 5*b + 23 = 0, -5*y - 4*b = -57. Calculate the remainder when y is divided by k.
1
Calculate the remainder when (-210)/(-12) + 1/2 is divided by 10.
8
Suppose 8*z = -0*z + 128. Let q(o) = 23*o**3 - 2*o - 1. Let j be q(-1). Let m = 31 + j. Calculate the remainder when z is divided by m.
7
Let x be 0/(-1) + (18 - 0). Let b = x + -1. Calculate the remainder when b is divided by 6.
5
Let u = 29 + -46. Let v be 3/2 + u/2. Let p(k) = -3*k - 10. Calculate the remainder when p(v) is divided by 6.
5
Let m = 19 + -1. Let l(h) = 5*h + 27. What is the remainder when m is divided by l(-4)?
4
Let y(h) = h + 7. What is the remainder when ((-16)/12)/((-11)/9 + 1) is divided by y(-5)?
0
Suppose 1 = -i + 2. Suppose 4*m - 27 = -t - 8, 0 = -m - i. What is the remainder when (-264)/(-2 - 2) - -1 is divided by t?
21
Let s(u) = u**3 + 3*u**2 + 2*u. Let i be s(-2). Suppose 4*c = -i*c + 28. Calculate the remainder when c is divided by 4.
3
Let i = 4 + 13. Let n(m) = m**3 - 18*m**2 + 19*m - 25. Calculate the remainder when n(i) is divided by 3.
0
Suppose -2*d = -u + 37, -2*d + 0*u = 2*u + 34. Let m(h) = -h - 2. Let f be m(-4). What is the remainder when ((-24)/d)/(f/6) is divided by 2?
0
Let x = -2 + 0. Let q be (0 + 1 - 1)/x. Calculate the remainder when 19 is divided by (q - 1) + (-44)/(-4).
9
Suppose -2*s - 55 = 3*s. Let o be 40*(0 - (-2)/4). Let q = s + o. Calculate the remainder when 17 is divided by q.
8
Suppose 4*d + 3*o = 21, 5*d + 3*o + 3 - 27 = 0. Let q be 0 - ((-2)/(-2) + 1). Let x = d + q. Calculate the remainder when 2 is divided by x.
0
What is the remainder when 14 is divided by 86/11 + (-4)/(-22)?
6
Let z(n) = -n**2 + 10*n + 30. What is the remainder when 28 is divided by z(12)?
4
Let y(n) = 4*n - 15. Let a(k) = 2*k - 7. Let c(s) = 7*a(s) - 3*y(s). What is the remainder when 1 - (-2 + -24)/2 is divided by c(6)?
6
Let u be (-24)/(-10) + (-6)/15. Let d be u/((-1)/1) + 6. Suppose -n - 5*p + 3 = 0, -6 = -d*n + 4*p + 6. Calculate the remainder when 8 is divided by n.
2
Suppose 43 = 3*d - 158. Let o = d - 43. What is the remainder when o is divided by 14?
10
Suppose -12 = -4*p - 0. Suppose 0 = 5*a - p*a - 46. Let b = 18 - 10. What is the remainder when a is divided by b?
7
What is the remainder when (-7)/((-12)/42 - 10/14) is divided by 5?
2
Let i(j) = -j**3 + 29*j**2 - 27*j - 16. Calculate the remainder when 70 is divided by i(28).
10
Let w(u) = -u**2 + 7*u. Let t be w(7). Let y(j) = -4*j**3 - j**2. Let a be y(-1). Let p = a + t. Calculate the remainder when p is divided by 2.
1
Let a(y) = y**3 + 2*y**2 + 1. Let l be a(-2). What is the remainder when (-5*l)/((-1)/2) is divided by 4?
2
Let j(g) = g**2 - 5*g + 5. Let w be j(5). Let u(z) = -z**2 + 4*z + 12. What is the remainder when 27*((-4)/(-2) + -1) is divided by u(w)?
6
Let z = -2 - -3. Let r be z/(-3) - (-15)/(-9). Let m(p) = -p**3 - p**2 - 2*p - 3. Calculate the remainder when 13 is divided by m(r).
3
Let a(u) = -u**3 - 14*u**2 - 15*u - 17. Calculate the remainder when 15 is divided by a(-13).
6
Let w(b) = -b + 3 + 13 - 1. What is the remainder when 64 is divided by w(-7)?
20
Suppose 3*g - 6*g = -195. Let y(n) = n**3 + 5*n**2 + 1. Calculate the remainder when g is divided by y(-4).
14
Suppose -3*p + 14 = -1. Calculate the remainder when 22 is divided by p.
2
Suppose 3*c - c + 3*t - 23 = 0, -3*t = 3*c - 30. Suppose -3*l - 46 = -c*l + 5*z, z = -3*l + 44. Calculate the remainder when 40 is divided by l.
12
Let f = 13 - 6. Calculate the remainder when (-38)/((-10)/5)*1 is divided by f.
5
Let n(h) = h - 4. Let k be n(6). Calculate the remainder when -40*(k - (-14)/(-4)) is divided by 35*-3*(5/(-25))/1.
18
Suppose 5*y - 65 = -4*w, -3*y + 2*w + 80 = 19. Let f = y + -6. Calculate the remainder when ((-4)/3)/((-2)/48) is divided by f.
10
Let c = 2 - 3. Let n(q) = -4*q**3 - q**2 - 2*q - 1. What is the remainder when (-164)/(-16) + c/4 is divided by n(-1)?
2
Let i(o) be the third derivative of o**5/60 - 5*o**4/24 + 5*o**3/6 + o**2. Calculate the remainder when 9 is divided by i(5).
4
Calculate the remainder when 9 is divided by (1 - 14/(-2))/2.
1
Suppose 5*d + g - 4*g = 300, -2*g + 73 = d. Calculate the remainder when d is divided by 20.
3
Let m = -19 - -77. Calculate the remainder when 173 is divided by m.
57
Suppose h - 3*s = 11, -7*s - 12 = -3*s. Suppose k + 27 = 4*u + 2, 5*u - h*k - 35 = 0. Let g(x) = 2*x + 1. What is the remainder when g(u) is divided by 4?
3
Suppose 4*t - 2*k = 22, -2*t = 3*t - 4*k - 29. Let z = 7 - 14. Let a = z + 15. What is the remainder when a is divided by t?
3
Let f = -28 + 46. Let k(q) = -q**2 - 16*q - 2. Suppose h + 1 = 5*s - 4, -3*h + 2*s - 15 = 0. Calculate the remainder when k(h) is divided by f.
17
Calculate the remainder when (-3 + (-30)/(-8))/(1/84) is divided by 13.
11
Suppose -8*g = -145 + 49. Calculate the remainder when (3 + -2)*37 - 2 is divided by g.
11
Suppose -29 = 4*z - 5*k, -4*k - 2 - 32 = 2*z. Let p = z + 36. What is the remainder when 73 is divided by p?
23
Let c(q) = -12*q - 20. What is the remainder when c(-2) is divided by 2?
0
Suppose -2*x = -2*b - b + 166, -3*b + 3*x + 168 = 0. Calculate the remainder when b is divided by (38/8)/(2/8).
16
Suppose 5*g = -0*g + 5*f + 110, 3*g + 4*f = 80. Suppose 2*w - 4*w + g = 0. Calculate the remainder when 34 is divided by w.
10
Let c = 21 + -16. Let i = -6 - -20. What is the remainder when (-49)/(-2) - c/(-10) is divided by i?
11
Calculate the remainder when 93 is divided by (-3)/2*32/(-2).
21
Let j = 0 - -3. Suppose -j*f - 21 = -4*f. Calculate the remainder when f is divided by 6.
3
Calculate the remainder when 58 is divided by (-132)/(-8)*4/3.
14
Suppose 5*j = -2*t + 87, 3*t + t + 2*j = 150. Calculate the remainder when t is divided by 13.
10
Suppose 3*q + 5*r = 168, -5*q + 3*q = 2*r - 108. Suppose 4*m = -5*n + 102, 3*n = 6*n + 2*m - 60. What is the remainder when q is divided by n?
15
Suppose -3*i + 54 = 3*p, -4*p + 10*i - 5*i + 27 = 0. Calculate the remainder when 193 is divided by p.
11
Let t be (-3 + -33)/((-3)/3). Suppose -4*i + 12 = k, -t = -4*k - 0*k - 4*i. What is the remainder when 25 is divided by ((-7)/(-2))/(4/k)?
4
Let v = -90 - -218. Suppose 0*t - 4*t = -v. Calculate the remainder when t is divided by 17.
15
Let c be 22/6 + 4/(-6). Suppose -c*b + b = 0. Suppose -z - z + 30 = b. What is the remainder when 43 is divided by z?
13
Suppose 0 = 5*z - 4*d - 30, d = z - d. What is the remainder when ((-414)/(-161))/((-1)/(-7)*1) is divided by z?
8
Let z(s) = -31*s - 84. What is the remainder when z(-13) is divided by 64?
63
Suppose -3*w - w = -52. What is the remainder when w is divided by (-115)/(-25) + 4/10?
3
Suppose 0 = -3*c + 2*a - 10, -3*c + 5*a - 25 = -0*a. Suppose c*l + 28 = 4*l. What is the remainder when l is divided by 3?
1
Suppose -30 + 6 = i. Let l be (-1)/(-2)*i/(-2). Let b = l + -4. What is the remainder when 5 is divided by b?
1
Let h(m) = m**3 - 5*m**2 + 8*m - 29. Suppose 0*a + 3*a - 18 = 0. What is the remainder when h(5) is divided by a?
5
Let d(s) = -s. Let w be d(-8). Suppose -6*f + 3*f = -4*i - 40, -f - 4*i = -w. What is the remainder when (-14)/63 - 400/(-18) is divided by f?
10
Let l = 29 + 6. Calculate the remainder when l is divided by 12.
11
Let c(f) = f**2 + 2*f + 2. What is the remainder when c(0) is divided by 2?
0
Suppose -2*v + 5*u + 2 = 1, -2*u = 4*v - 14. Suppose z - v - 1 = 0. Calculate the remainder when 11 is divided by z.
3
Suppose 5*f = -g + 126, -g + 2 = -4*f + 101. Let s = 157 + -83. Calculate the remainder when s is divided by f.
24
Let a be (-4)/(-12) - (-16)/6. Suppose -a*d + 10 = -d. Let l(q) = 2*q - 1. What is the remainder when d is divided by l(2)?
2
Let y(k) be the first derivative of k**2/2 - k - 3. Calculate the remainder when (1 + -1)*-1 + 19 is divided by y(11).
9
Let m be (-3)/4 + 41/(-4). What is the remainder when (-10 - 0)/(2/m) is divided by 14?
13
Suppose 0 = -j - 3*j. Calculate the remainder when 1/(2/40 - j) is divided 